?
True
Does 38 divide 19388056?
True
Is 516167 a multiple of 102?
False
Is 55 a factor of 39638390?
True
Does 63 divide 314655?
False
Does 1080 divide 20520?
True
Is 128913 a multiple of 61?
False
Is 226831 a multiple of 34?
False
Is 12874263 a multiple of 1059?
True
Is 18 a factor of 1372626?
True
Is 126 a factor of 66756?
False
Is 4 a factor of 166417?
False
Is 11 a factor of 512474?
False
Is 10787004 a multiple of 1788?
True
Does 37 divide 216228?
True
Is 30 a factor of 11079570?
True
Is 20 a factor of 11427080?
True
Is 461 a factor of 83656?
False
Is 1235 a factor of 2703415?
True
Is 11 a factor of 65015?
False
Is 111 a factor of 286491?
True
Is 20319 a multiple of 103?
False
Is 105 a factor of 535754?
False
Is 622613 a multiple of 17?
False
Is 557 a factor of 113628?
True
Is 48 a factor of 290448?
True
Is 4512050 a multiple of 51?
False
Is 597 a factor of 214920?
True
Is 3 a factor of 56004?
True
Is 14487038 a multiple of 101?
False
Is 21168 a multiple of 147?
True
Is 93 a factor of 10197?
False
Is 43580 a multiple of 10?
True
Is 378386 a multiple of 62?
True
Is 7 a factor of 20062?
True
Is 153 a factor of 4469187?
False
Is 270519 a multiple of 19?
False
Does 82 divide 240101?
False
Is 709750 a multiple of 301?
False
Is 98874 a multiple of 53?
False
Is 16 a factor of 1472?
True
Is 43 a factor of 240542?
True
Is 157176 a multiple of 10?
False
Does 26 divide 1086696?
True
Is 40910 a multiple of 233?
False
Does 313 divide 13749?
False
Does 62 divide 324781?
False
Does 819 divide 3444553?
False
Is 832 a factor of 12476672?
True
Is 223514 a multiple of 113?
True
Is 510300 a multiple of 243?
True
Is 19 a factor of 3665843?
False
Is 202 a factor of 78568?
False
Is 3391808 a multiple of 904?
True
Is 13065703 a multiple of 282?
False
Is 258 a factor of 306182?
False
Is 3545864 a multiple of 28?
True
Does 387 divide 1375398?
True
Does 40 divide 9184120?
True
Does 182 divide 1560650?
True
Does 75 divide 11625?
True
Is 2978213 a multiple of 7?
True
Does 22 divide 60090?
False
Is 6 a factor of 8430?
True
Is 123 a factor of 203796?
False
Does 16 divide 3172080?
True
Is 10733604 a multiple of 14?
True
Is 21 a factor of 3279556?
False
Is 95 a factor of 18033375?
True
Does 187 divide 3590961?
True
Is 49005 a multiple of 6?
False
Does 815 divide 1942480?
False
Is 2973440 a multiple of 404?
True
Is 2 a factor of 540526?
True
Does 15 divide 1049640?
True
Is 15810 a multiple of 10?
True
Is 4 a factor of 3639468?
True
Is 5 a factor of 3138605?
True
Is 30186 a multiple of 129?
True
Does 578 divide 283220?
True
Does 9 divide 905932?
False
Does 9 divide 222446?
False
Is 22 a factor of 2170886?
False
Is 37 a factor of 159658?
False
Does 13 divide 687297?
True
Does 12 divide 1675908?
True
Is 57 a factor of 276393?
True
Does 90 divide 603090?
True
Does 99 divide 89403?
False
Does 14 divide 263168?
False
Does 10 divide 5904706?
False
Is 6701070 a multiple of 10?
True
Is 243 a factor of 2099520?
True
Is 4647842 a multiple of 64?
False
Does 13 divide 650611?
True
Is 129 a factor of 9768783?
True
Is 5 a factor of 4280?
True
Is 476 a factor of 109665?
False
Is 1001 a factor of 7980973?
True
Is 945 a multiple of 63?
True
Is 394940 a multiple of 66?
False
Does 104 divide 350480?
True
Does 14 divide 22034?
False
Is 386 a factor of 1037568?
True
Is 611352 a multiple of 72?
True
Is 61124 a multiple of 259?
True
Is 13136256 a multiple of 64?
True
Is 11 a factor of 220715?
True
Does 46 divide 1596654?
False
Is 226 a factor of 184416?
True
Is 547 a factor of 207313?
True
Does 806 divide 537215?
False
Is 66744 a multiple of 27?
True
Does 19 divide 806473?
False
Does 170 divide 16660?
True
Is 1785288 a multiple of 876?
True
Is 26596919 a multiple of 11?
False
Is 36 a factor of 407376?
True
Is 46 a factor of 164128?
True
Is 7270341 a multiple of 87?
False
Is 48 a factor of 7488?
True
Does 161 divide 5451621?
True
Is 236 a factor of 345037?
False
Does 31 divide 535212?
False
Is 50 a factor of 6730000?
True
Is 1609304 a multiple of 213?
False
Is 158 a factor of 519182?
False
Is 91 a factor of 4864541?
False
Is 35354 a multiple of 11?
True
Is 91245 a multiple of 68?
False
Does 135 divide 508149?
False
Is 19488245 a multiple of 215?
True
Is 77 a factor of 8483128?
False
Does 26 divide 85097?
False
Is 3374734 a multiple of 56?
False
Is 234256 a multiple of 16?
True
Does 2 divide 32203?
False
Does 52 divide 776412?
True
Does 74 divide 28457677?
False
Is 73250 a multiple of 58?
False
Is 7 a factor of 221515?
True
Is 1291708 a multiple of 62?
True
Is 81 a factor of 706077?
True
Is 19448 a multiple of 34?
True
Does 423 divide 208116?
True
Is 84877 a multiple of 311?
False
Does 25 divide 190350?
True
Is 79104 a multiple of 6?
True
Is 213 a factor of 82157?
False
Is 10 a factor of 7183900?
True
Is 602376 a multiple of 96?
False
Does 12 divide 845040?
True
Does 22 divide 62348?
True
Is 13 a factor of 1356966?
True
Does 4 divide 241877?
False
Is 31800 a multiple of 24?
True
Is 38 a factor of 20902?
False
Is 37 a factor of 311873?
True
Is 856143 a multiple of 333?
True
Is 1279692 a multiple of 123?
True
Does 283 divide 2159605?
False
Is 64 a factor of 1854400?
True
Does 659 divide 192139?
False
Is 48 a factor of 2511360?
True
Does 13 divide 1409759?
True
Does 32 divide 110432?
True
Is 582 a factor of 108252?
True
Does 24 divide 215507?
False
Does 29 divide 787031?
True
Does 30 divide 785923?
False
Is 36 a factor of 603216?
True
Is 99272 a multiple of 118?
False
Does 14 divide 137233?
False
Does 2286 divide 4877409?
False
Is 13123542 a multiple of 53?
True
Does 35 divide 202510?
True
Does 24 divide 3778560?
True
Is 11 a factor of 4525230?
False
Is 1292760 a multiple of 54?
True
Is 119656 a multiple of 32?
False
Does 371 divide 118258?
False
Is 43494 a multiple of 57?
False
Is 20 a factor of 10883?
False
Is 57 a factor of 360696?
True
Does 11 divide 8406959?
True
Is 8072957 a multiple of 372?
False
Is 416 a factor of 6785425?
False
Is 5088 a multiple of 6?
True
Is 3641 a multiple of 4?
False
Is 58820 a multiple of 71?
False
Is 14 a factor of 26026?
True
Is 553 a factor of 2081492?
True
Is 7540776 a multiple of 294?
False
Does 4 divide 1070624?
True
Is 12 a factor of 33152?
False
Is 129 a factor of 5741025?
False
Is 25916448 a multiple of 8?
True
Does 222 divide 2407156?
False
Is 23 a factor of 17940?
True
Is 20 a factor of 503284?
False
Is 652536 a multiple of 366?
False
Is 45085 a multiple of 323?
False
Is 223552 a multiple of 8?
True
Is 1762220 a multiple of 170?
True
Is 21648 a multiple of 123?
True
Is 14248626 a multiple of 53?
True
Does 109 divide 2676059?
True
Is 572 a factor of 6731296?
True
Is 1274652 a multiple of 36?
True
Is 297418 a multiple of 22?
True
Does 286 divide 131445?
False
Does 1378 divide 9746907?
False
Is 6 a factor of 449706?
True
Is 224190 a multiple of 159?
True
Is 25 a factor of 187700?
True
Is 60 a factor of 7419660?
True
Is 519008 a multiple of 331?
True
Is 5443009 a multiple of 441?
False
Is 29 a factor of 7519613?
True
Does 11 divide 174093?
False
Is 2893837 a multiple of 2?
False
Is 41 a factor of 115210?
True
Is 958764 a multiple of 38?
False
Is 11266318 a multiple of 286?
False
Is 82 a factor of 6129008?
True
Is 105 a factor of 487247?
False
Is 250797 a multiple of 32?
False
Is 91799 a multiple of 58?
False
Is 55 a factor of 154715?
True
Does 636 divide 10667628?
True
Is 228 a factor of 404472?
True
Is 10 a factor of 201544?
False
Is 872 a factor of 944376?
True
Is 214346 a multiple of 205?
False
Does 4 divide 3308?
True
Is 69211 a multiple of 67?
True
Does 801 divide 3671784?
True
Is 549010 a multiple of 11?
True
Is 5 a factor of 50461?
False
Does 244 divide 3950848?
True
Is 5 a factor of 273785?
True
Is 120428 a multiple of 322?
True
Is 484418 a multiple of 22?
True
Is 206 a factor of 192404?
True
Is 14 a factor of 239430?
False
Is 89 a factor of 1430319?
True
Is 3146408 a multiple of 8?
True
Is 1556060 a multiple of 55?
True
Is 19775485 a multiple of 1640?
False
Is 26624 a multiple of 52?
True
Is 645 a factor of 4604719?
False
Does 42 divide 2289990?
False
Is 24 a factor of 82576?
False
Does 15 divide 4238660?
False
Is 2691544 a multiple of 631?
False
Is 11710595 a multiple of 67?
True
Does 7 divide 149532?
False
Is 7630776 a multiple of 18?
True
Is 182872